g) = g**3 + 24*g**2 - 88*g + 120. Calculate i(-28).
-552
Let w(d) = -1187*d + 299122. Give w(252).
-2
Let f(t) = -187*t + 4470. Determine f(24).
-18
Let q(b) = b**3 + 23*b**2 + 25*b + 102. Determine q(-22).
36
Let t(v) = 456*v + 1805. Give t(-4).
-19
Let i(c) = 6*c**2 - 15*c - 120. Give i(-6).
186
Let p(f) = -10*f + 574. What is p(43)?
144
Let w(l) = -20*l - 362. Give w(-17).
-22
Let f(i) = 3*i + 38. What is f(59)?
215
Let d(a) = -14*a + 165. Determine d(-22).
473
Let p(f) = 158*f - 432. Give p(4).
200
Let j(g) = 3*g**2 + 291*g + 3294. Calculate j(-12).
234
Let n(r) = r**3 - 6*r**2 - 84*r + 32. Determine n(13).
123
Let j(p) = 2*p**3 + 2*p**2 + 12*p + 53. Determine j(0).
53
Let y(j) = j**3 - 20*j**2 + 38*j - 762. Give y(20).
-2
Let a(k) = -k**2 + 262*k + 2337. Give a(-9).
-102
Let d(k) = 644*k - 603. Calculate d(1).
41
Let v(t) = -t**3 - 44*t**2 + 195*t + 2549. Calculate v(-47).
11
Let i(x) = -205*x - 2054. Give i(-10).
-4
Let l(f) = -22*f**2 - 4*f + 6. Calculate l(1).
-20
Let w(s) = -4*s**2 - 158*s - 329. What is w(-38)?
-101
Let v(u) = 1592*u - 62083. Calculate v(39).
5
Let q(a) = -3*a + 14. Give q(-9).
41
Let q(v) = 17*v**3 - 11*v**2 + 16*v - 5. Determine q(1).
17
Let l(x) = -5*x**2 - 113*x + 34. Determine l(-22).
100
Let d(z) = -19*z**2 + 17*z - 14. What is d(-3)?
-236
Let c(r) = -9*r + 183. Calculate c(31).
-96
Let a(c) = c**2 + 33*c + 7. Determine a(6).
241
Let r(a) = -a**2 - 7*a + 224. Calculate r(12).
-4
Let h(z) = 4*z**3 + 13*z**2 - 158*z - 488. What is h(-3)?
-5
Let p(b) = -463*b - 14790. Determine p(-32).
26
Let s(i) = -19*i + 118. What is s(-18)?
460
Let n(l) = 548*l + 2110. Calculate n(-4).
-82
Let g(u) = 3*u**2 + 21*u + 78. Determine g(-4).
42
Let b(q) = 296*q - 19245. Give b(65).
-5
Let p(f) = f**3 - 4*f**2 + 5*f - 3. Calculate p(5).
47
Let d(q) = 2*q**2 + 43*q - 7024. Give d(-71).
5
Let q(o) = -13*o**2 + 14*o + 5. Determine q(3).
-70
Let f(i) = -i**2 + 377. Give f(19).
16
Let s(x) = -2*x + 318. Give s(72).
174
Let d(x) = -2*x**2 - 4*x + 92. Calculate d(-7).
22
Let c(h) = -h**3 + 26*h**2 - 146*h - 12. Calculate c(17).
107
Let t(v) = v**2 - 88*v + 405. Determine t(83).
-10
Let v(z) = 14*z**3 + 2*z**2 + z - 4. Calculate v(-4).
-872
Let n(g) = -g**3 + 88*g**2 - 490*g - 226. Give n(82).
-62
Let y(v) = 9*v**2 - 4*v + 22. What is y(-4)?
182
Let j(q) = -q**3 - 25*q**2 - 31*q - 138. What is j(-24)?
30
Let u(x) = 2*x + 32. Determine u(-6).
20
Let p(d) = 8*d**2 - 20*d - 16. Give p(-5).
284
Let l(w) = 7*w - 12. Calculate l(11).
65
Let j(m) = 4*m**2 + 37*m - 38. Determine j(-9).
-47
Let t(d) = 2*d**2 + 117*d + 681. Calculate t(-6).
51
Let m(l) = l**3 - 8*l**2 - 24*l - 91. Give m(11).
8
Let s(k) = -11*k**3 - 313*k**2 - 135*k + 107. Determine s(-28).
-33
Let c(x) = -2*x - 59. What is c(-15)?
-29
Let y(a) = 292*a - 1464. Calculate y(5).
-4
Let o(p) = 45*p + 2870. What is o(-64)?
-10
Let w(f) = -230*f + 2191. What is w(9)?
121
Let a(v) = -v**2 + 1216*v + 7330. What is a(-6)?
-2
Let r(z) = 2*z**3 - 79*z**2 + 38*z + 37. Give r(39).
-2
Let i(s) = s**2 - 29*s + 108. Give i(26).
30
Let x(q) = -347*q - 10401. What is x(-30)?
9
Let k(b) = -b**2 - 40*b - 356. What is k(-23)?
35
Let t(y) = -149*y + 5845. Calculate t(40).
-115
Let p(m) = 15*m**3 - m**2 + 15*m + 13. What is p(-1)?
-18
Let x(c) = 25*c + 3006. Calculate x(-121).
-19
Let w(m) = -161*m + 818. Determine w(5).
13
Let x(h) = 17*h + 265. What is x(-18)?
-41
Let z(r) = 5*r**3 + 2*r**2 - 120*r - 122. Calculate z(-1).
-5
Let r(f) = f**3 + 19*f**2 + 86*f - 40. Give r(-12).
-64
Let v(j) = 28*j**2 - 90*j - 75. Give v(4).
13
Let o(d) = -d**3 + 32*d**2 + 172*d + 9. Give o(-5).
74
Let h(i) = -5*i**3 + 45*i**2 - 2*i - 5. Determine h(8).
299
Let m(g) = -130*g**2 - 115*g + 5. Calculate m(-1).
-10
Let k(p) = -112*p - 787. Calculate k(-7).
-3
Let b(y) = 10*y**2 - 4*y + 6. Give b(1).
12
Let i(c) = -341*c + 2038. Determine i(6).
-8
Let r(n) = n**3 - 142*n**2 + 570*n - 2480. Give r(138).
4
Let b(t) = -t**3 - 57*t**2 - 39*t + 3912. Determine b(-55).
7
Let v(y) = -71*y + 81. Give v(2).
-61
Let a(x) = -2620*x + 393001. What is a(150)?
1
Let h(c) = -4*c**2 + 68*c - 448. What is h(6)?
-184
Let f(u) = -u**3 + 5*u**2 + 20*u - 17. What is f(7)?
25
Let i(a) = -a**2 - 47*a - 444. Give i(-13).
-2
Let z(x) = -158*x**2 - 18*x - 7. What is z(-1)?
-147
Let t(o) = 3*o**3 - 58*o**2 + 245*o - 4309. Calculate t(19).
-15
Let q(o) = 233*o + 8151. Determine q(-35).
-4
Let f(j) = 28*j**2 + 175*j - 3. Give f(-6).
-45
Let g(a) = -a**3 - 14*a**2 + 326*a + 2. Determine g(12).
170
Let u(s) = -s**3 + 36*s**2 + 80*s. What is u(-2)?
-8
Let d(v) = -3*v**3 - 3*v**2 - 8*v - 12. Give d(-3).
66
Let x(l) = 15*l**2 + 235*l - 1554. What is x(5)?
-4
Let b(s) = 3*s**3 - 29*s**2 + 55*s - 628. What is b(10)?
22
Let o(h) = h**3 - 14*h**2 + 20*h + 49. What is o(12)?
1
Let c(b) = b**3 + 40*b**2 + 369*b - 484. What is c(-23)?
22
Let t(h) = h**2 + 65*h + 3. Calculate t(0).
3
Let c(d) = -16*d - 134. Calculate c(-13).
74
Let k(z) = 126*z - 2071. Give k(17).
71
Let t(w) = w**2 + 75*w - 2245. Determine t(23).
9
Let n(m) = m**3 + 46*m**2 - 189*m + 347. Determine n(-50).
-203
Let l(f) = 940*f - 3588. Determine l(4).
172
Let b(a) = a**3 - 4*a**2 - 41*a - 58. What is b(-2)?
0
Let z(b) = -b**2 - 201*b - 2924. Determine z(-185).
36
Let s(v) = -5*v**2 + 27*v - 38. What is s(2)?
-4
Let c(m) = -m**3 - 27*m**2 - 113*m - 47. What is c(-22)?
19
Let g(k) = 7100*k + 7057. Give g(-1).
-43
Let o(p) = 4*p**3 - 30*p**2 - 16*p + 22. Determine o(8).
22
Let m(l) = l**3 - l**2 + 17*l - 83. What is m(0)?
-83
Let i(c) = -c**3 + 9*c**2 - 4*c + 4. Calculate i(8).
36
Let s(i) = 21*i**2 - 167*i - 4. What is s(8)?
4
Let m(z) = 13*z**2 - 92*z - 19. What is m(8)?
77
Let k(v) = 2272*v + 22713. Determine k(-10).
-7
Let d(f) = 99*f + 23. Give d(-3).
-274
Let l(m) = 11*m**2 + 175*m - 8. What is l(-16)?
8
Let j(s) = -7*s**2 + 79*s - 40. What is j(13)?
-196
Let j(s) = 163*s - 12556. Calculate j(77).
-5
Let i(r) = 754*r - 12063. What is i(16)?
1
Let x(l) = -1502*l**2 - 22530*l - 1. What is x(-15)?
-1
Let n(j) = -24*j**2 + 13*j + 5. Determine n(5).
-530
Let w(c) = -77*c**2 + 762*c + 37. Calculate w(10).
-43
Let v(q) = q**2 - 361*q + 7471. Give v(22).
13
Let w(g) = -852*g - 396. Calculate w(-1).
456
Let a(j) = -j**2 + 12*j + 66. Determine a(11).
77
Let z(v) = v**3 - 14*v**2 - 27*v - 84. Give z(16).
-4
Let k(r) = -5448*r - 136197. Determine k(-25).
3
Let l(z) = -z**2 - 53*z - 421. Calculate l(-10).
9
Let t(i) = 4948*i - 5. Give t(0).
-5
Let q(k) = -796*k**2 - 3983*k - 9. Determine q(-5).
6
Let h(o) = -16*o**2 - 58*o + 3. Determine h(-7).
-375
Let a(d) = -d**2 - 17*d - 152. Calculate a(-14).
-110
Let w(t) = -t**2 + 30*t + 178. Give w(-5).
3
Let z(v) = 1218*v - 15841. Determine z(13).
-7
Let m(b) = -332*b + 3023. Calculate m(9).
35
Let y(a) = 5*a**3 - 107*a**2 + 335*a + 662. Determine y(17).
-1
Let x(h) = 41*h**2 - 1724*h + 82. Calculate x(42).
-2
Let q(k) = 79*k - 1786. What is q(24)?
110
Let f(u) = -u**2 + 94*u - 2246. What is f(56)?
-118
Let s(z) = 2*z**3 - 27*z**2 - 180*z + 2336. What is s(14)?
12
Let f(j) = -29*j - 1966. Calculate f(-69).
35
Let t(r) = r**3 + 9*r**2 + 3*r + 3. Determine t(-6).
93
Let i(r) = -39*r - 333. What is i(-6)?
-99
Let d(v) = -v**3 + 14*v**2 - 78*v + 200. Give d(7).
-3
Let i(j) = 2*j**2 - 27*j + 133. Give i(10).
63
Let d(i) = -82*i + 1607. What is d(20)?
-33
Let k(w) = w**3 - 25*w**2 + 19*w - 48. Determine k(24).
-168
Let o(z) = 2*z**2 + 152*z - 214. Give o(-74).
-510
Let d(z) = z**3 + 38*z**2 + 107*z + 142. Determine d(-35).
72
Let b(c) = c**3 - 21*c**2 - 884*c - 22. What is b(-21)?
20
Let d(g) = 2*g**3 + 2*g**2 - 8*g + 2. What is d(-4)?
-62
Let w(u) = 19*u**2 + 252*u + 9. What is w(-13)?
-56
Let q(s) = s**2 - 36*s - 347. Give q(44).
5
Let g(j) = 2*j**3 + 5*j**2 + 4*j. Determine g(-2).
-4
Let r(u) = 2*u**3 - 22*u**2 - 32*u + 279. Give r(7).
-337
Let u(k) = -221*k + 42. Calculate u(0).
42
Let i(n) = 3873*n + 65869. Give i(-17).
28
Let p(z) = 2*z**3 - 69*z**2 + 167*z - 215. Determine p(32).
9
Let j(h) = 25*h**2 + 15*h - 83. What is j(-6)?
727
Let n(y) = -y**3 - 3*y**2 + 3643*y - 936. Calculate n(-62).
-6
Let d(m) = -22*m - 793. What is d(-36)?
-1
Let c(n) = 6982*n - 20950. Calculate c(3).
-4
Let m(f) = -53*f - 119. What is m(1)?
-172
Let w(h) = 160*h + 194. Calculate w(-2).
